{"id":8,"date":"2017-11-22T13:16:50","date_gmt":"2017-11-22T12:16:50","guid":{"rendered":"http:\/\/www.pembergermike.fixed-staging.co.uk\/?page_id=8"},"modified":"2025-07-08T08:14:32","modified_gmt":"2025-07-08T06:14:32","slug":"ueber-mich","status":"publish","type":"page","link":"https:\/\/www.pembergermike.at\/?page_id=8","title":{"rendered":"\u00dcber mich"},"content":{"rendered":"<p><img decoding=\"async\" class=\"wp-image-512 alignleft\" src=\"http:\/\/www.pembergermike.fixed-staging.co.uk\/wp-content\/uploads\/2021\/12\/20211128_181139-197x300.jpg\" alt=\"\" width=\"146\" height=\"222\" srcset=\"https:\/\/www.pembergermike.at\/wp-content\/uploads\/2021\/12\/20211128_181139-197x300.jpg 197w, https:\/\/www.pembergermike.at\/wp-content\/uploads\/2021\/12\/20211128_181139-768x1171.jpg 768w, https:\/\/www.pembergermike.at\/wp-content\/uploads\/2021\/12\/20211128_181139-672x1024.jpg 672w, https:\/\/www.pembergermike.at\/wp-content\/uploads\/2021\/12\/20211128_181139.jpg 1788w\" sizes=\"(max-width: 146px) 100vw, 146px\" \/><\/p>\r\n<h3><span style=\"color: #008000;\">Psychotherapeutin (Verhaltenstherapie)<\/span><\/h3>\r\n<h3><span style=\"color: #008000;\">Lehrtherapeutin mit voller Lehrbefugnis (AVM)<\/span><\/h3>\r\n<h3><span style=\"color: #008000;\">Klinische Psychologin<\/span><\/h3>\r\n<h3><span style=\"color: #008000;\">Gesundheitspsychologin<\/span><\/h3>\r\n<p>&nbsp;<\/p>\r\n<h4><span style=\"color: #008000;\">Geboren und aufgewachsen in Klagenfurt, mehrfach in die Ferne gegangen und wieder zur\u00fcck gekehrt.<\/span><\/h4>\r\n<h4>\u00a0<\/h4>\r\n<h3><span style=\"color: #008000;\">Ausbildung<\/span><\/h3>\r\n<h4><span style=\"color: #008000;\">Matura an der Handelsakademie in Klagenfurt<\/span><\/h4>\r\n<h4><span style=\"color: #008000;\">\u00a0Diplomstudium Psychologie an der Universit\u00e4t Wien<\/span><br \/><span style=\"color: #008000;\">\u00a0(Mag.a rer.nat)<\/span><\/h4>\r\n<h4><span style=\"color: #008000;\">\u00a0Postgraduelle Ausbildung zur Klinischen Psychologin\u00a0und Gesundheitspsychologin<\/span><\/h4>\r\n<h4><span style=\"color: #008000;\">\u00a0Ausbildung zur Psychotherapeutin (methodenspezifische Ausrichtung: Verhaltenstherapie)<\/span><\/h4>\r\n<h4><span style=\"color: #008000;\">\u00a0Eintragung in die Liste des BM f\u00fcr Gesundheit gem\u00e4\u00df BGBl. 360\/1990 sowie BGBl.361\/1990<\/span><\/h4>\r\n<h4><span style=\"color: #008000;\">\u00a0Eintragung als Wahlpsychologin in die Liste des Hauptverbandes der \u00f6sterreichischenSozialversicherungstr\u00e4ger<\/span><\/h4>\r\n<p>&nbsp;<\/p>\r\n<p>&nbsp;<\/p>\r\n<h3><span style=\"color: #008000;\">Fort-\/Weiterbildung<\/span><\/h3>\r\n<h4><span style=\"color: #008000;\">Weiterbildung in Schematherapie am IST-G<\/span><\/h4>\r\n<h4><span style=\"color: #008000;\">Weiterbildung in VerhaltensNeuroPsychologie am Institut der AVM Salzburg<br \/><\/span><\/h4>\r\n<h3><span style=\"color: #008000;\">Spezialisierung<\/span><\/h3>\r\n<h4><span style=\"color: #008000;\">Klinische Neuropsychologie<\/span><\/h4>\r\n<h4><span style=\"color: #008000;\">Gerontopsychologie<\/span><\/h4>\r\n<p>&nbsp;<\/p>\r\n<h3><span style=\"color: #008000;\">Beruflicher Werdegang<\/span><\/h3>\r\n<h4><span style=\"color: #008000;\">seit 2009 in freier Praxis als Psychotherapeutin in Klagenfurt<\/span><br \/><span style=\"color: #008000;\"> (bis Juni 2014 in Ausbildung unter Supervision)<\/span><\/h4>\r\n<h4><span style=\"color: #008000;\">seit 2004 in freier Praxis als Klinische Psychologin und Gesundheitspsychologin<br \/>(u.a. Referentin\/Seminarleiterin\u00a0 &#8211; gerontopsychologische Themen, &#8222;Tod und Trauer&#8220;, &#8222;Pflegende Angeh\u00f6rige&#8220;, &#8222;Verwaiste Eltern&#8220;)<\/span><\/h4>\r\n<h4><span style=\"color: #008000;\">seit 2023 Psychotherapeutin\/Klinische Psychologin und Gesundheitspsychologin bei der \u00d6sterreichischen Krebshilfe K\u00e4rnten<\/span><\/h4>\r\n<h4><span style=\"color: #008000;\">2004-2022 Klinische Psychologin und Gesundheitspsychologin\/Psychologischer Dienst am A.\u00f6. Krankenhaus der Elisabethinen Klagenfurt GmbH<\/span><\/h4>\r\n<h4><span style=\"color: #008000;\">2004-2011 Klinische Psychologin und Gesundheitspsychologin bei der K\u00e4rntner Kinder-Krebshilfe, Klagenfurt<\/span><\/h4>\r\n<h4><span style=\"color: #008000;\">Diverse Praktika und Anstellungsverh\u00e4ltnisse w\u00e4hrend des Studiums (Landeskrankenhaus Klagenfurt; Beratungszentrum der Wiener Krebshilfe; St. Anna Kinderspital\/Wien; Institut f\u00fcr Erziehungshilfe\/Wien; Institut f\u00fcr Erziehungswissenschaft\/Wien)<\/span><\/h4>\r\n<h4><span style=\"color: #008000;\">Psychologische Fachpraktika\u00a0 f\u00fcr die Ausbildung zur Klinischen Psychologin und Gesundheitspsychologin (Wilhelminenspital, Geriatriezentrum Am Wienerwald, Wien)<\/span><\/h4>\r\n<p>&nbsp;<\/p>\r\n<h3><span style=\"color: #008000;\">Publikationen<\/span><\/h3>\r\n<h4><span style=\"color: #008000;\">Pemberger, S. &amp; Pichorner, S. (2007). Neuropsychologische Aspekte in der Demenzdiagnostik. <em>Psychologie in \u00d6sterreich<\/em>, 4 &amp; 5, 350\u2013356.<\/span><\/h4>\r\n<h4><span style=\"color: #008000;\">Pemberger, S., Jagsch, R., Frey, E., Felder-Puig, R., Gadner, H., Kryspin-Exner, I. &amp; Topf, R. (2005). Quality of life in long-term childhood cancer survivors and the relation of late effects and subjective well-being. <em>Supportive Care in Cancer,<\/em> 13 (1), 49\u201356.<\/span><\/h4>\r\n<h4><span style=\"color: #008000;\">Pemberger, S. (2002). <em>Lebensqualit\u00e4t von ehemals an einer malignen Neoplasie erkrankten Kindern und Jugendlichen und der Zusammenhang von Befund und Befinden<\/em>. Unver\u00f6ff. Dipl.Arbeit, Universit\u00e4t Wien.<\/span><\/h4>\r\n<h3><span style=\"color: #008000;\"><\/span><\/h3>\r\n<h3>\u00a0<\/h3>\r\n","protected":false},"excerpt":{"rendered":"<p>Psychotherapeutin (Verhaltenstherapie) Lehrtherapeutin mit voller Lehrbefugnis (AVM) Klinische Psychologin Gesundheitspsychologin &nbsp; Geboren und aufgewachsen in Klagenfurt, mehrfach in die Ferne gegangen und wieder zur\u00fcck gekehrt. \u00a0 Ausbildung Matura an der Handelsakademie in Klagenfurt \u00a0Diplomstudium Psychologie an der Universit\u00e4t Wien\u00a0(Mag.a rer.nat) \u00a0Postgraduelle Ausbildung zur Klinischen Psychologin\u00a0und Gesundheitspsychologin \u00a0Ausbildung zur Psychotherapeutin (methodenspezifische Ausrichtung: Verhaltenstherapie) \u00a0Eintragung in die &hellip; <\/p>\n<p class=\"link-more\"><a href=\"https:\/\/www.pembergermike.at\/?page_id=8\" class=\"more-link\">Mehr <span class=\"screen-reader-text\">\u00fcber &#8222;\u00dcber mich&#8220; <\/span>Lesen<\/a><\/p>\n","protected":false},"author":1,"featured_media":606,"parent":0,"menu_order":0,"comment_status":"closed","ping_status":"closed","template":"","meta":{"footnotes":""},"class_list":["post-8","page","type-page","status-publish","has-post-thumbnail","hentry"],"aioseo_notices":[],"_links":{"self":[{"href":"https:\/\/www.pembergermike.at\/index.php?rest_route=\/wp\/v2\/pages\/8","targetHints":{"allow":["GET"]}}],"collection":[{"href":"https:\/\/www.pembergermike.at\/index.php?rest_route=\/wp\/v2\/pages"}],"about":[{"href":"https:\/\/www.pembergermike.at\/index.php?rest_route=\/wp\/v2\/types\/page"}],"author":[{"embeddable":true,"href":"https:\/\/www.pembergermike.at\/index.php?rest_route=\/wp\/v2\/users\/1"}],"replies":[{"embeddable":true,"href":"https:\/\/www.pembergermike.at\/index.php?rest_route=%2Fwp%2Fv2%2Fcomments&post=8"}],"version-history":[{"count":73,"href":"https:\/\/www.pembergermike.at\/index.php?rest_route=\/wp\/v2\/pages\/8\/revisions"}],"predecessor-version":[{"id":990,"href":"https:\/\/www.pembergermike.at\/index.php?rest_route=\/wp\/v2\/pages\/8\/revisions\/990"}],"wp:featuredmedia":[{"embeddable":true,"href":"https:\/\/www.pembergermike.at\/index.php?rest_route=\/wp\/v2\/media\/606"}],"wp:attachment":[{"href":"https:\/\/www.pembergermike.at\/index.php?rest_route=%2Fwp%2Fv2%2Fmedia&parent=8"}],"curies":[{"name":"wp","href":"https:\/\/api.w.org\/{rel}","templated":true}]}}