{"id":444,"date":"2018-07-16T21:55:59","date_gmt":"2018-07-16T19:55:59","guid":{"rendered":"http:\/\/www.pembergermike.fixed-staging.co.uk\/?page_id=444"},"modified":"2022-04-02T11:52:13","modified_gmt":"2022-04-02T09:52:13","slug":"gruende-fuer-die-inanspruchnahme-von-trauerbegleitung","status":"publish","type":"page","link":"https:\/\/www.pembergermike.at\/?page_id=444","title":{"rendered":"Gr\u00fcnde f\u00fcr die Inanspruchnahme von Trauerbegleitung"},"content":{"rendered":"<h4><span style=\"color: #008000;\">&#8211; Wie gehe ich mit meinem Verlustschmerz um?<\/span><\/h4>\n<h4><span style=\"color: #008000;\">&#8211; Mein Umfeld fordert, wieder nach vorne zu schauen und \u201eendlich loszulassen\u201c &#8211;<br \/>\ndas macht mir Angst!<\/span><\/h4>\n<h4><span style=\"color: #008000;\">&#8211; Wie lange darf ich trauern?<\/span><\/h4>\n<h4><span style=\"color: #008000;\">&#8211; Wie viel Trauer ist denn \u201enormal\u201c?<\/span><\/h4>\n<h4><span style=\"color: #008000;\">&#8211; Nach Verlust meines lieben Menschen empfinde ich nur noch Sinnlosigkeit und<br \/>\nLeere &#8211; wird das wieder anders?<\/span><\/h4>\n<h4><span style=\"color: #008000;\">&#8211; Wie sagen es wir Eltern unseren anderen Kindern?<\/span><\/h4>\n<h4><span style=\"color: #008000;\">&#8211; Nach dem Verlust unseres Kindes m\u00f6chte mein Partner ein weiteres Kind, und ich?<\/span><\/h4>\n<h4><\/h4>\n<h4><span style=\"color: #008000;\">Ich begleite und unterst\u00fctze Sie gerne auf Ihrem ganz pers\u00f6nlichen Weg der Trauer.<\/span><\/h4>\n<h4><span style=\"color: #008000;\">Die Begleitung richtet sich sowohl an Einzelpersonen als auch an Paare.<\/span><\/h4>\n","protected":false},"excerpt":{"rendered":"<p>&#8211; Wie gehe ich mit meinem Verlustschmerz um? &#8211; Mein Umfeld fordert, wieder nach vorne zu schauen und \u201eendlich loszulassen\u201c &#8211; das macht mir Angst! &#8211; Wie lange darf ich trauern? &#8211; Wie viel Trauer ist denn \u201enormal\u201c? &#8211; Nach Verlust meines lieben Menschen empfinde ich nur noch Sinnlosigkeit und Leere &#8211; wird das wieder &hellip; <\/p>\n<p class=\"link-more\"><a href=\"https:\/\/www.pembergermike.at\/?page_id=444\" class=\"more-link\">Mehr <span class=\"screen-reader-text\">\u00fcber &#8222;Gr\u00fcnde f\u00fcr die Inanspruchnahme von Trauerbegleitung&#8220; <\/span>Lesen<\/a><\/p>\n","protected":false},"author":2,"featured_media":680,"parent":0,"menu_order":0,"comment_status":"closed","ping_status":"closed","template":"","meta":{"footnotes":""},"class_list":["post-444","page","type-page","status-publish","has-post-thumbnail","hentry"],"aioseo_notices":[],"_links":{"self":[{"href":"https:\/\/www.pembergermike.at\/index.php?rest_route=\/wp\/v2\/pages\/444","targetHints":{"allow":["GET"]}}],"collection":[{"href":"https:\/\/www.pembergermike.at\/index.php?rest_route=\/wp\/v2\/pages"}],"about":[{"href":"https:\/\/www.pembergermike.at\/index.php?rest_route=\/wp\/v2\/types\/page"}],"author":[{"embeddable":true,"href":"https:\/\/www.pembergermike.at\/index.php?rest_route=\/wp\/v2\/users\/2"}],"replies":[{"embeddable":true,"href":"https:\/\/www.pembergermike.at\/index.php?rest_route=%2Fwp%2Fv2%2Fcomments&post=444"}],"version-history":[{"count":9,"href":"https:\/\/www.pembergermike.at\/index.php?rest_route=\/wp\/v2\/pages\/444\/revisions"}],"predecessor-version":[{"id":888,"href":"https:\/\/www.pembergermike.at\/index.php?rest_route=\/wp\/v2\/pages\/444\/revisions\/888"}],"wp:featuredmedia":[{"embeddable":true,"href":"https:\/\/www.pembergermike.at\/index.php?rest_route=\/wp\/v2\/media\/680"}],"wp:attachment":[{"href":"https:\/\/www.pembergermike.at\/index.php?rest_route=%2Fwp%2Fv2%2Fmedia&parent=444"}],"curies":[{"name":"wp","href":"https:\/\/api.w.org\/{rel}","templated":true}]}}