{"id":426,"date":"2018-07-16T21:58:10","date_gmt":"2018-07-16T19:58:10","guid":{"rendered":"http:\/\/www.pembergermike.fixed-staging.co.uk\/?page_id=426"},"modified":"2022-04-02T11:59:11","modified_gmt":"2022-04-02T09:59:11","slug":"meine-behandlungsschwerpunkte-im-rahmen-einer-verhaltenstherapie","status":"publish","type":"page","link":"https:\/\/www.pembergermike.at\/?page_id=426","title":{"rendered":"Meine Behandlungsschwerpunkte im Rahmen einer Verhaltenstherapie"},"content":{"rendered":"<h4><span style=\"color: #008000;\">Depressionen<\/span><\/h4>\n<h4><span style=\"color: #008000;\">Angsterkrankungen (z.B. Panikst\u00f6rung, Generalisierte Angstst\u00f6rung, Agoraphobie, soziale Phobie,<\/span><\/h4>\n<h4><span style=\"color: #008000;\">Belastungsst\u00f6rungen (z.B. Posttraumatische Belastungsst\u00f6rung)<\/span><\/h4>\n<h4><span style=\"color: #008000;\">Psychosomatische Erkrankungen (z.B. Kopfschmerz)<\/span><\/h4>\n<h4><span style=\"color: #008000;\">Psychosomatische\/somatoforme Erkrankungen<\/span><\/h4>\n","protected":false},"excerpt":{"rendered":"<p>Depressionen Angsterkrankungen (z.B. Panikst\u00f6rung, Generalisierte Angstst\u00f6rung, Agoraphobie, soziale Phobie, Belastungsst\u00f6rungen (z.B. Posttraumatische Belastungsst\u00f6rung) Psychosomatische Erkrankungen (z.B. Kopfschmerz) Psychosomatische\/somatoforme Erkrankungen<\/p>\n","protected":false},"author":2,"featured_media":673,"parent":467,"menu_order":0,"comment_status":"closed","ping_status":"closed","template":"","meta":{"footnotes":""},"class_list":["post-426","page","type-page","status-publish","has-post-thumbnail","hentry"],"aioseo_notices":[],"_links":{"self":[{"href":"https:\/\/www.pembergermike.at\/index.php?rest_route=\/wp\/v2\/pages\/426","targetHints":{"allow":["GET"]}}],"collection":[{"href":"https:\/\/www.pembergermike.at\/index.php?rest_route=\/wp\/v2\/pages"}],"about":[{"href":"https:\/\/www.pembergermike.at\/index.php?rest_route=\/wp\/v2\/types\/page"}],"author":[{"embeddable":true,"href":"https:\/\/www.pembergermike.at\/index.php?rest_route=\/wp\/v2\/users\/2"}],"replies":[{"embeddable":true,"href":"https:\/\/www.pembergermike.at\/index.php?rest_route=%2Fwp%2Fv2%2Fcomments&post=426"}],"version-history":[{"count":4,"href":"https:\/\/www.pembergermike.at\/index.php?rest_route=\/wp\/v2\/pages\/426\/revisions"}],"predecessor-version":[{"id":896,"href":"https:\/\/www.pembergermike.at\/index.php?rest_route=\/wp\/v2\/pages\/426\/revisions\/896"}],"up":[{"embeddable":true,"href":"https:\/\/www.pembergermike.at\/index.php?rest_route=\/wp\/v2\/pages\/467"}],"wp:featuredmedia":[{"embeddable":true,"href":"https:\/\/www.pembergermike.at\/index.php?rest_route=\/wp\/v2\/media\/673"}],"wp:attachment":[{"href":"https:\/\/www.pembergermike.at\/index.php?rest_route=%2Fwp%2Fv2%2Fmedia&parent=426"}],"curies":[{"name":"wp","href":"https:\/\/api.w.org\/{rel}","templated":true}]}}